of k(7)?
8
Suppose 2*p + 122258 = 3*x, 38*x - 42*x + 4*p = -163012. What is the ten thousands digit of x?
4
Suppose 0 = -5*g + 10, -3*t + 12767 = -g - 2612. What is the units digit of t?
7
Let c = -56371 - -96526. What is the ten thousands digit of c?
4
Let r(b) = -5*b - 3. Let d(h) = -2*h - 2. Let p(z) = -7*d(z) + 4*r(z). Let f be p(1). What is the units digit of (-1664)/(-20) - f/(-20)?
3
Suppose -27*c + 1045350 = -0*c + 42*c. What is the units digit of c?
0
Let a be (-2 - (-50)/15)*(-3)/(-2). Suppose 3*g + j - 14 = 5*j, 0 = 2*g + 3*j + a. Suppose -g*u - 1155 = -7*u. What is the hundreds digit of u?
2
Suppose -5*w = 4*x - 254, -3*w = 3*x - 71 - 118. Suppose x*c - 72559 = 24980. What is the units digit of c?
9
Let y(o) be the second derivative of -349*o**3/6 - 4*o**2 + 6*o + 2. What is the hundreds digit of y(-1)?
3
What is the thousands digit of 541*2540/70 + (-8)/(280/(-15))?
9
Suppose -12877 = -3*z + 407*c - 406*c, -2*z + 3*c + 8601 = 0. What is the thousands digit of z?
4
What is the hundreds digit of (-26)/39 - -197386*9/54?
8
Suppose -4*v = -4*x + 107136, -80*v + 107109 = 4*x - 75*v. What is the units digit of x?
1
Let v be 4 + (-28)/(3 - -1). Let z be 18*((-344)/(-16) + 0 + v). Let g = 505 - z. What is the units digit of g?
2
Let w be (-5 + (-255)/9)*-24. Suppose -4*r = 4*r - w. What is the hundreds digit of r + (-1)/((-1)/2)?
1
Let i(l) = -711*l - 855. What is the hundreds digit of i(-9)?
5
Let p = -111 + 116. Suppose -3*y = -p*b + 2312, -1384 = -3*b + y - 0*y. What is the units digit of b?
0
Suppose 4*x = -3*w, w = 6*w - 4*x. Suppose 3*c - 1319 = -2*t, -2*c + 438 = -c - t. Suppose w = -5*h + 96 + c. What is the tens digit of h?
0
Suppose -i + 55724 = 14300. What is the hundreds digit of i?
4
Let s be ((-27)/(-6) + -5)*-6. Suppose 3*b = 2*b - q - 2943, -11745 = 4*b - 5*q. What is the units digit of s/(-5) + b/(-25)?
7
Suppose 3*b = 5*o - 154, 5*b - 4 = 3*b. Let g(r) = 2*r**2 - 26*r - 10. Let s be g(18). Suppose o*n + s = 37*n. What is the tens digit of n?
3
Let p(v) be the second derivative of v**2 - 73/6*v**3 + 23*v + 0. What is the units digit of p(-1)?
5
Suppose 1818 = d - 1062. What is the thousands digit of d?
2
What is the thousands digit of (5185 + 33)*(0 - -1)?
5
Let b(q) = q**2 + 19*q + 48. Let g be b(-16). Suppose g = c - 100 - 192. What is the tens digit of c?
9
Let r = -127 + 215. Let o be (-1)/(-2) - r/(-16). Suppose 0 = o*l - 10*l + 788. What is the units digit of l?
7
Suppose -18*l - 4*x + 21356 = -17*l, 12 = -3*x. What is the units digit of l?
2
Let q(s) be the second derivative of -3*s**3/2 + 1659*s**2/2 + 29*s - 2. What is the units digit of q(0)?
9
Suppose -4*r - 49 = 63. Let m be r/16*(-363 - 1). Suppose -m = -5*g + 4*a - 6*a, -5*a = -g + 122. What is the hundreds digit of g?
1
Let d = 45 + -40. Suppose 0 = 5*i - 115 - d. Suppose -3*g + 271 = -x, g + 5*x - i = 77. What is the tens digit of g?
9
Let b(j) = 27*j + 14*j**2 + 13 + 9*j**3 + 10 - 8*j**3 - 6. Let x be b(-12). Let n(p) = -p**2 - 22*p - 28. What is the units digit of n(x)?
9
Suppose 76*x - 665273 = -54*x + 38807. What is the tens digit of x?
1
Let m(z) be the third derivative of -z**6/120 + 13*z**5/60 - z**4 - z**3/3 + 2*z**2 + 84. What is the units digit of m(10)?
8
Suppose 175 = 5*g - 12585. Suppose -5*m - 2*z = -g, 3*m + 4*z - 9*z = 1525. What is the units digit of m?
0
Suppose -76*n = 118*n - 508574 - 1237620. What is the tens digit of n?
0
Let q be (-3 + 2)/(-1) + -2. Let j(b) = 469*b**2 + 7*b + 3. What is the hundreds digit of j(q)?
4
Suppose -45355 = -271*w + 224*w. What is the units digit of w?
5
Suppose 20 = i - 5*s, 3*i - 2*s = 2*s + 16. Suppose 5*l - 4*b - 967 - 375 = 0, -3*l + 3*b + 807 = i. What is the units digit of l?
6
Let d(s) be the third derivative of -s**6/120 + 7*s**5/60 - 5*s**4/12 + 7*s**3/6 + s**2 + 10. What is the units digit of d(4)?
5
Let d(t) = -2437*t + 797. What is the units digit of d(-5)?
2
Let v(w) = -w**2 - 7*w - 2. Let p be v(-6). Suppose 0 = p*n + 19 - 7. What is the tens digit of (2*2/(-4))/(n/159)?
5
Let o(t) = -99*t + 350. Let h(w) = 25*w - 88. Let f(i) = -9*h(i) - 2*o(i). What is the tens digit of f(-8)?
0
Let c be 4/(-6) + 231/63. Suppose c*o - 4 = 4*o, 34 = 5*s + 4*o. What is the units digit of ((-8)/s)/(4/(-10))?
2
Suppose 3*h + 2*u - 302 = 86, 529 = 4*h + 5*u. Suppose h = 4*t - 138. Let b = 96 - t. What is the tens digit of b?
3
Let o = 779 - 776. Suppose o*x - 3886 = -5*l, -4*l + 3872 = l - 4*x. What is the tens digit of l?
7
Let a = -2790 + 20970. What is the ten thousands digit of a?
1
Suppose 620 = 4*y - 24*y. What is the tens digit of (100/7)/(y/(-217))?
0
Suppose 4*b + 5 = l + 93, -3*b = 4*l - 85. Suppose -15*k + b*k = 7544. What is the units digit of k?
3
Suppose -738 = 10*o + 872. Let w = 218 - o. What is the units digit of w?
9
Let h = -9795 + 17555. What is the tens digit of h?
6
Let t = 1226 + -1223. Suppose 0 = -3*l + l + 110. Suppose l + 104 = t*j. What is the tens digit of j?
5
Let i(n) = n**2 + 20*n + 49. Let y be i(-17). What is the tens digit of 62/(((-2)/4 - y) + -1)?
2
Let v = 2690 - 1342. What is the units digit of v?
8
Suppose 52172 = -3*d - 4*d + 186894. What is the ten thousands digit of d?
1
Suppose 2*g = 3*s + 67731, -214*s + 33876 = g - 212*s. What is the hundreds digit of g?
8
Let h(a) = 60 + a**2 - 19 - a + 6*a. Let v be h(0). Suppose -v*m = -40*m - 64. What is the tens digit of m?
6
Let z = 1929 + 1311. Suppose 60*q = 56*q + z. What is the units digit of q?
0
Let f be (-9 - -6)/((-9)/2202). Let n = f + 158. What is the hundreds digit of n?
8
Let g(v) = -v**2 + v + 74. Let j = 5 + 7. Let n = j + -12. What is the tens digit of g(n)?
7
Suppose 205*x - 228*x = -160724. What is the thousands digit of x?
6
Let k(w) = 2*w**2 - 32*w + 2. Let g be k(16). Let f(j) = 13*j - 5 + 0 + g. What is the tens digit of f(4)?
4
Let r(w) be the second derivative of -w**3/6 - 3*w**2/2 + 23*w. Let v be r(-3). Suppose v*l = -14*l + 3010. What is the units digit of l?
5
Let l be 74 - (3 + -4 + 3). Suppose 0 = -h + 8 - 28. Let c = h + l. What is the tens digit of c?
5
Let f = 314 + -442. Let y = f - -652. What is the units digit of y?
4
Let v = 46 + 82. Suppose -4*j + 2*r + 950 = 0, 5*r + 139 = 2*j - 348. Suppose -14*g + j = -v. What is the units digit of g?
6
Let i = -64 + 52. Let w be 3/((i/68)/3). What is the units digit of (-17)/w - (-209)/3?
0
Let g be (0 - -5 - 1) + 0. Suppose 0 = -g*t + 16, 3*w + 15 = -0*w - 3*t. What is the tens digit of 417*(((-12)/w - -2) + -3)?
3
Let t(l) be the first derivative of l**5/60 + l**4/12 + 13*l**2/2 + 13. Let n(y) be the second derivative of t(y). What is the tens digit of n(-6)?
2
Let t = 73 + -55. Suppose -11*n = -5*n - t. Suppose 0 = n*a + l + l - 232, -217 = -3*a + l. What is the units digit of a?
4
Let q(t) be the second derivative of 20*t**4/3 + t**3/2 - t**2 + 19*t. What is the units digit of q(1)?
1
Suppose m = 4*m + 81. Let h = -27 - m. Suppose s + 3*y - 112 = 0, h = -6*y + y - 10. What is the units digit of s?
8
Let w be (-10)/(-4)*(-26160)/(-100). Suppose 2*b + 5*r - 336 = 0, -3*b = -7*b - r + w. What is the tens digit of b?
6
Let u(g) = -g**3 + 7*g**2 + 5*g - 23. Let h be u(7). Let d = h - -131. What is the tens digit of d - (0 - 1 - 2)?
4
Let x = 19156 - 10562. What is the hundreds digit of x?
5
Let x = 66 + -47. Suppose 23*p - x*p = 20. What is the units digit of p?
5
Let u(w) = -w**3 - 22*w**2 + 10*w - 14. Let o be u(-23). Let r be (222/(-9) - -1)*6. Let d = r + o. What is the hundreds digit of d?
1
Suppose 10*h - 5 = 135. Let p(c) = -13 - h*c + 6 + 16 + 17. What is the tens digit of p(-6)?
1
Let m be 10/2*(-83 - -85)*2/(-4). Let s(u) = -38*u + 5 + 0 + 11. What is the units digit of s(m)?
6
Suppose 0 = 10*u + 29*u - 161460. What is the units digit of u?
0
What is the units digit of 24 + (-109935)/(-15) - (-3 - 1)?
7
Let c(z) = 5*z + 13. Let r be c(0). Suppose 9*x = r*x - 52. Suppose 5*p = x + 2, -740 = -4*d - 4*p. What is the tens digit of d?
8
Suppose -31 + 49 = k. Let i(o) = 7*o + 11. What is the units digit of i(k)?
7
Let y(r) be the second derivative of r**5/20 + 3*r**4/2 + 5*r**3/3 - 9*r**2/2 - 86*r + 2. What is the hundreds digit of y(-9)?
6
Let u be ((-21)/(-9))/(7/6). Suppose i - 493 = 3*n, 4*n + 898 + 98 = u*i. What is the tens digit of i?
0
Wh